 145913082?
42
Calculate the greatest common divisor of 231281124 and 34.
34
Calculate the highest common divisor of 301 and 2242063.
43
Calculate the greatest common divisor of 196 and 814468.
4
What is the highest common factor of 1667680190 and 44?
22
Calculate the highest common divisor of 14 and 833750624.
14
What is the greatest common factor of 38 and 46890119?
19
What is the highest common divisor of 9163 and 391248?
11
Calculate the highest common factor of 8484 and 13632273.
303
What is the greatest common divisor of 92160 and 47205?
45
What is the greatest common divisor of 4812265 and 307115?
1195
What is the greatest common divisor of 45234888 and 657?
219
Calculate the greatest common factor of 146694 and 239223.
69
What is the greatest common factor of 195 and 100095580?
65
Calculate the highest common factor of 24602046 and 13257.
1473
What is the highest common divisor of 560 and 191345504?
112
What is the highest common divisor of 1895867 and 62?
31
What is the greatest common factor of 154056 and 60760?
392
Calculate the greatest common factor of 726627 and 57156.
33
Calculate the highest common divisor of 9032 and 21928.
8
What is the greatest common divisor of 2469942 and 306?
18
What is the greatest common divisor of 179866898 and 496?
62
What is the highest common factor of 5224 and 390496?
8
Calculate the greatest common divisor of 9669464 and 147.
49
What is the highest common factor of 70 and 67925606?
14
Calculate the highest common divisor of 1244 and 200832.
4
Calculate the greatest common divisor of 1102687677 and 238.
119
What is the greatest common divisor of 7168 and 51779?
7
What is the highest common factor of 154 and 107006326?
14
Calculate the greatest common divisor of 3754977060 and 20.
20
What is the greatest common divisor of 799 and 509515109?
799
Calculate the greatest common factor of 779 and 3000115181.
779
What is the highest common divisor of 117298 and 48918?
526
Calculate the greatest common divisor of 8809470 and 70.
10
Calculate the highest common factor of 604 and 49296.
4
What is the greatest common divisor of 900 and 324525?
75
What is the highest common divisor of 166225080 and 224?
56
What is the greatest common factor of 53023805 and 138545?
1145
Calculate the greatest common factor of 30031718 and 14810.
2962
Calculate the greatest common factor of 79851850 and 520.
130
What is the highest common factor of 23967341 and 17252?
4313
What is the greatest common divisor of 6 and 6165012?
6
What is the greatest common factor of 12438 and 22175572?
1382
What is the greatest common divisor of 2499 and 5137349?
119
Calculate the highest common factor of 10 and 338998910.
10
Calculate the greatest common factor of 2275 and 28526771.
91
Calculate the highest common factor of 832 and 36709088.
416
Calculate the greatest common divisor of 264 and 7459782.
66
Calculate the greatest common divisor of 12719642 and 26.
26
What is the highest common factor of 125618 and 2354?
214
What is the greatest common factor of 208438 and 16109?
89
Calculate the greatest common factor of 11973 and 77168.
13
What is the highest common divisor of 3837359 and 229986?
4259
What is the greatest common divisor of 67 and 11878296?
67
Calculate the highest common divisor of 353679 and 77283.
93
Calculate the greatest common divisor of 81 and 14044968.
27
What is the greatest common divisor of 2134 and 234201?
11
What is the greatest common factor of 242540 and 540?
20
Calculate the greatest common factor of 473257752 and 88.
88
Calculate the greatest common divisor of 3284254 and 129.
43
What is the greatest common factor of 11450 and 101950?
50
What is the greatest common factor of 2403 and 21923730?
27
What is the highest common factor of 1495583040 and 160?
160
Calculate the greatest common divisor of 96231184 and 28.
28
Calculate the highest common factor of 30 and 379165.
5
What is the greatest common divisor of 4860 and 2178009?
243
Calculate the greatest common factor of 92 and 516117033.
23
Calculate the greatest common factor of 714 and 7208697.
51
Calculate the greatest common divisor of 119305 and 56710.
535
Calculate the highest common factor of 1640930228 and 2962.
2962
What is the highest common divisor of 11155859 and 3718?
1859
What is the greatest common factor of 274 and 2326344?
2
What is the highest common divisor of 1472147753 and 181?
181
What is the highest common factor of 4757452 and 21?
7
Calculate the highest common factor of 64640093 and 35.
7
Calculate the highest common divisor of 2998 and 72874.
2
Calculate the highest common factor of 5337472 and 363377.
5957
What is the greatest common factor of 9359265 and 204?
51
What is the highest common factor of 3305 and 21846711?
661
Calculate the highest common factor of 435456 and 12852.
756
What is the highest common divisor of 401535 and 405?
45
What is the greatest common factor of 9513 and 283595214?
3171
Calculate the greatest common divisor of 83232177 and 1869.
1869
What is the highest common factor of 78844 and 217948?
92
What is the greatest common divisor of 8772 and 41956?
68
What is the greatest common factor of 21209 and 120269?
127
Calculate the highest common factor of 205 and 10734005.
205
What is the greatest common divisor of 64147188 and 1624?
812
Calculate the highest common factor of 1904 and 1403192.
56
What is the highest common factor of 7258 and 30196718?
382
Calculate the highest common factor of 112 and 31555712.
16
Calculate the highest common divisor of 679 and 749707.
7
What is the greatest common divisor of 4895759 and 506?
11
What is the highest common divisor of 253352 and 158664?
88
What is the greatest common factor of 27418167 and 3838?
101
Calculate the highest common factor of 423268 and 1772.
4
What is the highest common factor of 882094618 and 830?
166
What is the highest common divisor of 1536 and 222627712?
128
What is the greatest common factor of 17076 and 9396?
12
What is the greatest common factor of 20492 and 74636?
188
Calculate the greatest common factor of 20450556 and 567.
567
Calculate the greatest common factor of 41354851 and 23.
23
What is the greatest common factor of 363 and 7036271?
121
What is the greatest common divisor of 1325 and 897025?
1325
Calculate the highest common divisor of 140340 and 42180.
60
What is the greatest common factor of 1605045 and 1170?
195
What is the greatest common divisor of 565392 and 2316?
12
What is the greatest common divisor of 1023128 and 5032?
136
Calculate the highest common divisor of 2871 and 26835498.
261
Calculate the greatest common factor of 63075 and 4575.
75
Calculate the highest common factor of 4921 and 1459391.
37
Calculate the highest common divisor of 15171776 and 16688.
2384
Calculate the highest common divisor of 559622 and 355.
71
Calculate the greatest common factor of 113305737 and 1758.
879
Calculate the greatest common factor of 671 and 260819469.
61
What is the greatest common divisor of 197 and 1476058748?
197
What is the highest common factor of 39 and 1687605582?
39
Calculate the greatest common divisor of 70 and 497409542.
14
What is the highest common divisor of 108 and 175999104?
36
Calculate the highest common factor of 6528425 and 17000.
425
What is the greatest common divisor of 2886 and 1633866?
78
What is the highest common divisor of 27412 and 517132?
308
What is the highest common divisor of 742 and 94548237?
371
What is the highest common factor of 4612 and 49341482?
2306
Calculate the highest common factor of 64906730 and 49045.
2885
Calculate the greatest common divisor of 3815753 and 1928.
241
What is the highest common factor of 1258 and 7527906?
34
Calculate the highest common factor of 23 and 12124979.
23
What is the greatest common factor of 1134 and 231879942?
378
Calculate the greatest common divisor of 555032 and 7432.
8
Calculate the greatest common factor of 328574168 and 5876.
5876
Calculate the highest common divisor of 264 and 1047936.
24
What is the greatest common divisor of 345 and 15576750?
345
Calculate the greatest common divisor of 22135530 and 2550.
510
What is the greatest common divisor of 18751517 and 5977?
139
What is the greatest common factor of 44518409 and 598?
299
What is the greates